{"id":1526040,"date":"2017-03-16T20:10:17","date_gmt":"2017-03-16T19:10:17","guid":{"rendered":"http:\/\/tc-kirchheim-schwaben.de\/?page_id=1526040"},"modified":"2017-03-16T21:03:57","modified_gmt":"2017-03-16T20:03:57","slug":"chronik","status":"publish","type":"page","link":"https:\/\/tc-kirchheim-schwaben.de\/?page_id=1526040","title":{"rendered":"Chronik"},"content":{"rendered":"<h2><strong>Zehn Fakten \u00fcber den TC Kirchheim<\/strong><\/h2>\n<p>&nbsp;<\/p>\n<p><strong>1.Wir wurden 1979 gegr\u00fcndet. Hier die Gr\u00fcndungsmitglieder:<\/strong><\/p>\n<p><strong>\u00a0<a href=\"http:\/\/tc-kirchheim-schwaben.de\/wp-content\/uploads\/2017\/03\/Gr\u00fcndungsversammlung_Liste.jpg\"><img loading=\"lazy\" decoding=\"async\" class=\"alignleft wp-image-1526362\" src=\"http:\/\/tc-kirchheim-schwaben.de\/wp-content\/uploads\/2017\/03\/Gr\u00fcndungsversammlung_Liste-712x1024.jpg\" alt=\"\" width=\"323\" height=\"464\" srcset=\"https:\/\/tc-kirchheim-schwaben.de\/wp-content\/uploads\/2017\/03\/Gr\u00fcndungsversammlung_Liste-712x1024.jpg 712w, https:\/\/tc-kirchheim-schwaben.de\/wp-content\/uploads\/2017\/03\/Gr\u00fcndungsversammlung_Liste-209x300.jpg 209w, https:\/\/tc-kirchheim-schwaben.de\/wp-content\/uploads\/2017\/03\/Gr\u00fcndungsversammlung_Liste-768x1105.jpg 768w, https:\/\/tc-kirchheim-schwaben.de\/wp-content\/uploads\/2017\/03\/Gr\u00fcndungsversammlung_Liste-1170x1683.jpg 1170w, https:\/\/tc-kirchheim-schwaben.de\/wp-content\/uploads\/2017\/03\/Gr\u00fcndungsversammlung_Liste.jpg 1223w\" sizes=\"auto, (max-width: 323px) 100vw, 323px\" \/><\/a><br \/>\n<\/strong><\/p>\n<p>&nbsp;<\/p>\n<p>&nbsp;<\/p>\n<p>&nbsp;<\/p>\n<p>&nbsp;<\/p>\n<p>&nbsp;<\/p>\n<p>&nbsp;<\/p>\n<p>&nbsp;<\/p>\n<p>&nbsp;<\/p>\n<p>&nbsp;<\/p>\n<p>&nbsp;<\/p>\n<p>&nbsp;<\/p>\n<p>&nbsp;<\/p>\n<p>&nbsp;<\/p>\n<p><strong>2. Als Vereinslokal diente ein Bauwagen, geduscht wurde in der Schule<\/strong><\/p>\n<p><strong>\u00a0<a href=\"http:\/\/tc-kirchheim-schwaben.de\/wp-content\/uploads\/2017\/03\/02.jpg\"><img loading=\"lazy\" decoding=\"async\" class=\"alignleft size-medium wp-image-1526344\" src=\"http:\/\/tc-kirchheim-schwaben.de\/wp-content\/uploads\/2017\/03\/02-300x203.jpg\" alt=\"\" width=\"300\" height=\"203\" srcset=\"https:\/\/tc-kirchheim-schwaben.de\/wp-content\/uploads\/2017\/03\/02-300x203.jpg 300w, https:\/\/tc-kirchheim-schwaben.de\/wp-content\/uploads\/2017\/03\/02-768x520.jpg 768w, https:\/\/tc-kirchheim-schwaben.de\/wp-content\/uploads\/2017\/03\/02.jpg 1024w\" sizes=\"auto, (max-width: 300px) 100vw, 300px\" \/><\/a> <a href=\"http:\/\/tc-kirchheim-schwaben.de\/wp-content\/uploads\/2017\/03\/03.jpg\"><img loading=\"lazy\" decoding=\"async\" class=\"alignleft size-medium wp-image-1526345\" src=\"http:\/\/tc-kirchheim-schwaben.de\/wp-content\/uploads\/2017\/03\/03-300x203.jpg\" alt=\"\" width=\"300\" height=\"203\" srcset=\"https:\/\/tc-kirchheim-schwaben.de\/wp-content\/uploads\/2017\/03\/03-300x203.jpg 300w, https:\/\/tc-kirchheim-schwaben.de\/wp-content\/uploads\/2017\/03\/03-768x520.jpg 768w, https:\/\/tc-kirchheim-schwaben.de\/wp-content\/uploads\/2017\/03\/03-1024x693.jpg 1024w, https:\/\/tc-kirchheim-schwaben.de\/wp-content\/uploads\/2017\/03\/03.jpg 1124w\" sizes=\"auto, (max-width: 300px) 100vw, 300px\" \/><\/a> <a href=\"http:\/\/tc-kirchheim-schwaben.de\/wp-content\/uploads\/2017\/03\/04.jpg\"><img loading=\"lazy\" decoding=\"async\" class=\"alignleft size-medium wp-image-1526346\" src=\"http:\/\/tc-kirchheim-schwaben.de\/wp-content\/uploads\/2017\/03\/04-300x197.jpg\" alt=\"\" width=\"300\" height=\"197\" srcset=\"https:\/\/tc-kirchheim-schwaben.de\/wp-content\/uploads\/2017\/03\/04-300x197.jpg 300w, https:\/\/tc-kirchheim-schwaben.de\/wp-content\/uploads\/2017\/03\/04-768x505.jpg 768w, https:\/\/tc-kirchheim-schwaben.de\/wp-content\/uploads\/2017\/03\/04-1024x673.jpg 1024w, https:\/\/tc-kirchheim-schwaben.de\/wp-content\/uploads\/2017\/03\/04-1170x769.jpg 1170w, https:\/\/tc-kirchheim-schwaben.de\/wp-content\/uploads\/2017\/03\/04.jpg 1175w\" sizes=\"auto, (max-width: 300px) 100vw, 300px\" \/><\/a><\/strong><\/p>\n<p>&nbsp;<\/p>\n<p>&nbsp;<\/p>\n<p>&nbsp;<\/p>\n<p>&nbsp;<\/p>\n<p>&nbsp;<\/p>\n<p>&nbsp;<\/p>\n<p>&nbsp;<\/p>\n<p>&nbsp;<\/p>\n<p>&nbsp;<\/p>\n<p>&nbsp;<\/p>\n<p>&nbsp;<\/p>\n<p>&nbsp;<\/p>\n<p><strong>3. Zun\u00e4chst wurden 2 Pl\u00e4tze gebaut (1 und 3)\u2026<\/strong><\/p>\n<p><a href=\"http:\/\/tc-kirchheim-schwaben.de\/wp-content\/uploads\/2017\/03\/05.jpg\"><img loading=\"lazy\" decoding=\"async\" class=\"alignleft size-medium wp-image-1526347\" src=\"http:\/\/tc-kirchheim-schwaben.de\/wp-content\/uploads\/2017\/03\/05-300x203.jpg\" alt=\"\" width=\"300\" height=\"203\" srcset=\"https:\/\/tc-kirchheim-schwaben.de\/wp-content\/uploads\/2017\/03\/05-300x203.jpg 300w, https:\/\/tc-kirchheim-schwaben.de\/wp-content\/uploads\/2017\/03\/05-768x521.jpg 768w, https:\/\/tc-kirchheim-schwaben.de\/wp-content\/uploads\/2017\/03\/05-1024x694.jpg 1024w, https:\/\/tc-kirchheim-schwaben.de\/wp-content\/uploads\/2017\/03\/05-1170x793.jpg 1170w, https:\/\/tc-kirchheim-schwaben.de\/wp-content\/uploads\/2017\/03\/05.jpg 1339w\" sizes=\"auto, (max-width: 300px) 100vw, 300px\" \/><\/a><\/p>\n<p>&nbsp;<\/p>\n<p>&nbsp;<\/p>\n<p>&nbsp;<\/p>\n<p>&nbsp;<\/p>\n<p>&nbsp;<\/p>\n<p>&nbsp;<\/p>\n<p>&nbsp;<\/p>\n<p>&nbsp;<\/p>\n<p><strong>\u2026und eine kleine \u201eZuschauertrib\u00fcne\u201c<\/strong><\/p>\n<p><strong>\u00a0<a href=\"http:\/\/tc-kirchheim-schwaben.de\/wp-content\/uploads\/2017\/03\/06.jpg\"><img loading=\"lazy\" decoding=\"async\" class=\"alignleft size-medium wp-image-1526348\" src=\"http:\/\/tc-kirchheim-schwaben.de\/wp-content\/uploads\/2017\/03\/06-300x206.jpg\" alt=\"\" width=\"300\" height=\"206\" srcset=\"https:\/\/tc-kirchheim-schwaben.de\/wp-content\/uploads\/2017\/03\/06-300x206.jpg 300w, https:\/\/tc-kirchheim-schwaben.de\/wp-content\/uploads\/2017\/03\/06-768x528.jpg 768w, https:\/\/tc-kirchheim-schwaben.de\/wp-content\/uploads\/2017\/03\/06-1024x704.jpg 1024w, https:\/\/tc-kirchheim-schwaben.de\/wp-content\/uploads\/2017\/03\/06.jpg 1112w\" sizes=\"auto, (max-width: 300px) 100vw, 300px\" \/><\/a><\/strong><\/p>\n<p><strong>\u00a0<\/strong><\/p>\n<p><strong>\u00a0<\/strong><\/p>\n<p><strong>\u00a0<\/strong><\/p>\n<p>&nbsp;<\/p>\n<p>&nbsp;<\/p>\n<p>&nbsp;<\/p>\n<p><strong>\u00a0<\/strong><\/p>\n<p><strong>\u00a04.\u00a0<\/strong><strong>Anschlie\u00dfend folgte 1984 der zweite Platz<\/strong><\/p>\n<p><a href=\"http:\/\/tc-kirchheim-schwaben.de\/wp-content\/uploads\/2017\/03\/07.jpg\"><img loading=\"lazy\" decoding=\"async\" class=\"alignleft size-medium wp-image-1526349\" src=\"http:\/\/tc-kirchheim-schwaben.de\/wp-content\/uploads\/2017\/03\/07-300x207.jpg\" alt=\"\" width=\"300\" height=\"207\" srcset=\"https:\/\/tc-kirchheim-schwaben.de\/wp-content\/uploads\/2017\/03\/07-300x207.jpg 300w, https:\/\/tc-kirchheim-schwaben.de\/wp-content\/uploads\/2017\/03\/07-768x530.jpg 768w, https:\/\/tc-kirchheim-schwaben.de\/wp-content\/uploads\/2017\/03\/07-1024x706.jpg 1024w, https:\/\/tc-kirchheim-schwaben.de\/wp-content\/uploads\/2017\/03\/07.jpg 1112w\" sizes=\"auto, (max-width: 300px) 100vw, 300px\" \/><\/a><\/p>\n<p><strong>\u00a0<\/strong><strong>\u00a0<a href=\"http:\/\/tc-kirchheim-schwaben.de\/wp-content\/uploads\/2017\/03\/08.jpg\"><img loading=\"lazy\" decoding=\"async\" class=\"alignleft wp-image-1526350\" src=\"http:\/\/tc-kirchheim-schwaben.de\/wp-content\/uploads\/2017\/03\/08-300x194.jpg\" alt=\"\" width=\"317\" height=\"205\" srcset=\"https:\/\/tc-kirchheim-schwaben.de\/wp-content\/uploads\/2017\/03\/08-300x194.jpg 300w, https:\/\/tc-kirchheim-schwaben.de\/wp-content\/uploads\/2017\/03\/08-768x497.jpg 768w, https:\/\/tc-kirchheim-schwaben.de\/wp-content\/uploads\/2017\/03\/08-1024x663.jpg 1024w, https:\/\/tc-kirchheim-schwaben.de\/wp-content\/uploads\/2017\/03\/08.jpg 1108w\" sizes=\"auto, (max-width: 317px) 100vw, 317px\" \/><\/a><\/strong><\/p>\n<p><strong>\u00a0<\/strong><\/p>\n<p><strong>\u00a0<\/strong><\/p>\n<p><strong>\u00a0<\/strong><\/p>\n<p><strong>\u00a0<\/strong><\/p>\n<p><strong>\u00a0<\/strong><\/p>\n<p>&nbsp;<\/p>\n<p><strong>\u00a0<\/strong><\/p>\n<p><strong>\u00a05.\u00a0<\/strong><strong>1993 bauten wir mit zahlreichen engagierter Tennislern unser Vereinsheim<\/strong><\/p>\n<p><a href=\"http:\/\/tc-kirchheim-schwaben.de\/wp-content\/uploads\/2017\/03\/09.jpg\"><img loading=\"lazy\" decoding=\"async\" class=\"alignleft size-medium wp-image-1526351\" src=\"http:\/\/tc-kirchheim-schwaben.de\/wp-content\/uploads\/2017\/03\/09-300x202.jpg\" alt=\"\" width=\"300\" height=\"202\" srcset=\"https:\/\/tc-kirchheim-schwaben.de\/wp-content\/uploads\/2017\/03\/09-300x202.jpg 300w, https:\/\/tc-kirchheim-schwaben.de\/wp-content\/uploads\/2017\/03\/09-768x517.jpg 768w, https:\/\/tc-kirchheim-schwaben.de\/wp-content\/uploads\/2017\/03\/09-1024x689.jpg 1024w, https:\/\/tc-kirchheim-schwaben.de\/wp-content\/uploads\/2017\/03\/09.jpg 1122w\" sizes=\"auto, (max-width: 300px) 100vw, 300px\" \/><\/a> <a href=\"http:\/\/tc-kirchheim-schwaben.de\/wp-content\/uploads\/2017\/03\/10.jpg\"><img loading=\"lazy\" decoding=\"async\" class=\"alignleft size-medium wp-image-1526352\" src=\"http:\/\/tc-kirchheim-schwaben.de\/wp-content\/uploads\/2017\/03\/10-300x202.jpg\" alt=\"\" width=\"300\" height=\"202\" srcset=\"https:\/\/tc-kirchheim-schwaben.de\/wp-content\/uploads\/2017\/03\/10-300x202.jpg 300w, https:\/\/tc-kirchheim-schwaben.de\/wp-content\/uploads\/2017\/03\/10-768x518.jpg 768w, https:\/\/tc-kirchheim-schwaben.de\/wp-content\/uploads\/2017\/03\/10-1024x691.jpg 1024w, https:\/\/tc-kirchheim-schwaben.de\/wp-content\/uploads\/2017\/03\/10.jpg 1124w\" sizes=\"auto, (max-width: 300px) 100vw, 300px\" \/><\/a><\/p>\n<p><strong>\u00a0<\/strong><\/p>\n<p>&nbsp;<\/p>\n<p>&nbsp;<\/p>\n<p>&nbsp;<\/p>\n<p>&nbsp;<\/p>\n<p>&nbsp;<\/p>\n<p>&nbsp;<\/p>\n<p>&nbsp;<\/p>\n<p><strong>6. Seit dem Jahr 2005 verzichten wir auf eine Tennisschule. Eigene Trainer \u00fcbernehmen die Verantwortung<\/strong><\/p>\n<p><strong>\u00a0<a href=\"http:\/\/tc-kirchheim-schwaben.de\/wp-content\/uploads\/2017\/03\/13.jpg\"><img loading=\"lazy\" decoding=\"async\" class=\"alignleft size-medium wp-image-1526355\" src=\"http:\/\/tc-kirchheim-schwaben.de\/wp-content\/uploads\/2017\/03\/13-300x225.jpg\" alt=\"\" width=\"300\" height=\"225\" srcset=\"https:\/\/tc-kirchheim-schwaben.de\/wp-content\/uploads\/2017\/03\/13-300x225.jpg 300w, https:\/\/tc-kirchheim-schwaben.de\/wp-content\/uploads\/2017\/03\/13-768x576.jpg 768w, https:\/\/tc-kirchheim-schwaben.de\/wp-content\/uploads\/2017\/03\/13.jpg 1006w\" sizes=\"auto, (max-width: 300px) 100vw, 300px\" \/><\/a> <a href=\"http:\/\/tc-kirchheim-schwaben.de\/wp-content\/uploads\/2017\/03\/12.jpg\"><img loading=\"lazy\" decoding=\"async\" class=\"alignleft size-medium wp-image-1526354\" src=\"http:\/\/tc-kirchheim-schwaben.de\/wp-content\/uploads\/2017\/03\/12-300x225.jpg\" alt=\"\" width=\"300\" height=\"225\" srcset=\"https:\/\/tc-kirchheim-schwaben.de\/wp-content\/uploads\/2017\/03\/12-300x225.jpg 300w, https:\/\/tc-kirchheim-schwaben.de\/wp-content\/uploads\/2017\/03\/12-768x576.jpg 768w, https:\/\/tc-kirchheim-schwaben.de\/wp-content\/uploads\/2017\/03\/12.jpg 972w\" sizes=\"auto, (max-width: 300px) 100vw, 300px\" \/><\/a> <a href=\"http:\/\/tc-kirchheim-schwaben.de\/wp-content\/uploads\/2017\/03\/11.jpg\"><img loading=\"lazy\" decoding=\"async\" class=\"alignleft size-medium wp-image-1526353\" src=\"http:\/\/tc-kirchheim-schwaben.de\/wp-content\/uploads\/2017\/03\/11-300x224.jpg\" alt=\"\" width=\"300\" height=\"224\" srcset=\"https:\/\/tc-kirchheim-schwaben.de\/wp-content\/uploads\/2017\/03\/11-300x224.jpg 300w, https:\/\/tc-kirchheim-schwaben.de\/wp-content\/uploads\/2017\/03\/11-768x574.jpg 768w, https:\/\/tc-kirchheim-schwaben.de\/wp-content\/uploads\/2017\/03\/11.jpg 990w\" sizes=\"auto, (max-width: 300px) 100vw, 300px\" \/><\/a><\/strong><\/p>\n<p><strong>\u00a0<\/strong><\/p>\n<p>&nbsp;<\/p>\n<p>&nbsp;<\/p>\n<p>&nbsp;<\/p>\n<p>&nbsp;<\/p>\n<p>&nbsp;<\/p>\n<p>&nbsp;<\/p>\n<p>&nbsp;<\/p>\n<p>&nbsp;<\/p>\n<p>&nbsp;<\/p>\n<p>&nbsp;<\/p>\n<p>&nbsp;<\/p>\n<p>&nbsp;<\/p>\n<p><strong>7. Der Verein w\u00e4chst und w\u00e4chst<\/strong><strong>\u00a0<a href=\"http:\/\/tc-kirchheim-schwaben.de\/wp-content\/uploads\/2017\/03\/14.jpg\"><img loading=\"lazy\" decoding=\"async\" class=\"alignleft size-large wp-image-1526356\" src=\"http:\/\/tc-kirchheim-schwaben.de\/wp-content\/uploads\/2017\/03\/14-1024x768.jpg\" alt=\"\" width=\"734\" height=\"551\" srcset=\"https:\/\/tc-kirchheim-schwaben.de\/wp-content\/uploads\/2017\/03\/14-1024x768.jpg 1024w, https:\/\/tc-kirchheim-schwaben.de\/wp-content\/uploads\/2017\/03\/14-300x225.jpg 300w, https:\/\/tc-kirchheim-schwaben.de\/wp-content\/uploads\/2017\/03\/14-768x576.jpg 768w, https:\/\/tc-kirchheim-schwaben.de\/wp-content\/uploads\/2017\/03\/14-1170x878.jpg 1170w, https:\/\/tc-kirchheim-schwaben.de\/wp-content\/uploads\/2017\/03\/14.jpg 1386w\" sizes=\"auto, (max-width: 734px) 100vw, 734px\" \/><\/a><br \/>\n<\/strong><\/p>\n<p><strong>\u00a0<\/strong><\/p>\n<p><strong>\u00a0<\/strong><\/p>\n<p><strong>8. Wir \u00fcbernehmen den Jugendcup (eines der gr\u00f6\u00dften Turniere in Schwaben)<\/strong><\/p>\n<p><a href=\"http:\/\/tc-kirchheim-schwaben.de\/wp-content\/uploads\/2017\/03\/15.jpg\"><img loading=\"lazy\" decoding=\"async\" class=\"alignleft size-medium wp-image-1526357\" src=\"http:\/\/tc-kirchheim-schwaben.de\/wp-content\/uploads\/2017\/03\/15-300x225.jpg\" alt=\"\" width=\"300\" height=\"225\" srcset=\"https:\/\/tc-kirchheim-schwaben.de\/wp-content\/uploads\/2017\/03\/15-300x225.jpg 300w, https:\/\/tc-kirchheim-schwaben.de\/wp-content\/uploads\/2017\/03\/15-768x576.jpg 768w, https:\/\/tc-kirchheim-schwaben.de\/wp-content\/uploads\/2017\/03\/15-1024x768.jpg 1024w, https:\/\/tc-kirchheim-schwaben.de\/wp-content\/uploads\/2017\/03\/15-1170x878.jpg 1170w, https:\/\/tc-kirchheim-schwaben.de\/wp-content\/uploads\/2017\/03\/15.jpg 1386w\" sizes=\"auto, (max-width: 300px) 100vw, 300px\" \/><\/a> <a href=\"http:\/\/tc-kirchheim-schwaben.de\/wp-content\/uploads\/2017\/03\/16.jpg\"><img loading=\"lazy\" decoding=\"async\" class=\"alignleft size-medium wp-image-1526358\" src=\"http:\/\/tc-kirchheim-schwaben.de\/wp-content\/uploads\/2017\/03\/16-300x224.jpg\" alt=\"\" width=\"300\" height=\"224\" srcset=\"https:\/\/tc-kirchheim-schwaben.de\/wp-content\/uploads\/2017\/03\/16-300x224.jpg 300w, https:\/\/tc-kirchheim-schwaben.de\/wp-content\/uploads\/2017\/03\/16-768x574.jpg 768w, https:\/\/tc-kirchheim-schwaben.de\/wp-content\/uploads\/2017\/03\/16.jpg 927w\" sizes=\"auto, (max-width: 300px) 100vw, 300px\" \/><\/a><\/p>\n<p><strong>\u00a0<a href=\"http:\/\/tc-kirchheim-schwaben.de\/wp-content\/uploads\/2017\/03\/17.jpg\"><img loading=\"lazy\" decoding=\"async\" class=\"alignleft size-medium wp-image-1526359\" src=\"http:\/\/tc-kirchheim-schwaben.de\/wp-content\/uploads\/2017\/03\/17-300x224.jpg\" alt=\"\" width=\"300\" height=\"224\" srcset=\"https:\/\/tc-kirchheim-schwaben.de\/wp-content\/uploads\/2017\/03\/17-300x224.jpg 300w, https:\/\/tc-kirchheim-schwaben.de\/wp-content\/uploads\/2017\/03\/17-768x574.jpg 768w, https:\/\/tc-kirchheim-schwaben.de\/wp-content\/uploads\/2017\/03\/17.jpg 925w\" sizes=\"auto, (max-width: 300px) 100vw, 300px\" \/><\/a><\/strong><\/p>\n<p>&nbsp;<\/p>\n<p>&nbsp;<\/p>\n<p>&nbsp;<\/p>\n<p>&nbsp;<\/p>\n<p>&nbsp;<\/p>\n<p>&nbsp;<\/p>\n<p>&nbsp;<\/p>\n<p>&nbsp;<\/p>\n<p>&nbsp;<\/p>\n<p>&nbsp;<\/p>\n<p>&nbsp;<\/p>\n<p>&nbsp;<\/p>\n<p>&nbsp;<\/p>\n<p>&nbsp;<\/p>\n<p>&nbsp;<\/p>\n<p><strong>9. Die Vorstandschaft entwirft ein Vereinslogo<\/strong><\/p>\n<p><a href=\"http:\/\/tc-kirchheim-schwaben.de\/wp-content\/uploads\/2016\/02\/TCK_Logo1-e1456330136174.png\"><img loading=\"lazy\" decoding=\"async\" class=\"alignleft wp-image-696\" src=\"http:\/\/tc-kirchheim-schwaben.de\/wp-content\/uploads\/2016\/02\/TCK_Logo1-1024x483.png\" alt=\"\" width=\"439\" height=\"207\" \/><\/a><\/p>\n<p>&nbsp;<\/p>\n<p>&nbsp;<\/p>\n<p>&nbsp;<\/p>\n<p>&nbsp;<\/p>\n<p>&nbsp;<\/p>\n<p>&nbsp;<\/p>\n<p>&nbsp;<\/p>\n<p>&nbsp;<\/p>\n<p><strong>10. Zahlreiche Sponsoren unterst\u00fctzen seit dem Jahr 2016 unseren Verein<\/strong><\/p>\n<p><a href=\"http:\/\/tc-kirchheim-schwaben.de\/wp-content\/uploads\/2016\/12\/WhatsApp-Image-2016-12-16-at-16.06.43.jpeg\"><img loading=\"lazy\" decoding=\"async\" class=\"alignleft wp-image-899657\" src=\"http:\/\/tc-kirchheim-schwaben.de\/wp-content\/uploads\/2016\/12\/WhatsApp-Image-2016-12-16-at-16.06.43.jpeg\" alt=\"\" width=\"648\" height=\"619\" \/><\/a><\/p>\n","protected":false},"excerpt":{"rendered":"<p>Zehn Fakten \u00fcber den TC Kirchheim &nbsp; 1.Wir wurden 1979 gegr\u00fcndet. Hier die Gr\u00fcndungsmitglieder: \u00a0 &nbsp; &nbsp; &nbsp; &nbsp; &nbsp; &nbsp; &nbsp; &nbsp; &nbsp; &nbsp; &nbsp; &nbsp; &nbsp; 2. Als Vereinslokal diente ein Bauwagen, geduscht wurde in der Schule \u00a0&#8230;<br \/><a class=\"read-more-button\" href=\"https:\/\/tc-kirchheim-schwaben.de\/?page_id=1526040\">Read more<\/a><\/p>\n","protected":false},"author":1,"featured_media":0,"parent":41,"menu_order":0,"comment_status":"closed","ping_status":"closed","template":"","meta":{"footnotes":""},"class_list":["post-1526040","page","type-page","status-publish","hentry"],"_links":{"self":[{"href":"https:\/\/tc-kirchheim-schwaben.de\/index.php?rest_route=\/wp\/v2\/pages\/1526040","targetHints":{"allow":["GET"]}}],"collection":[{"href":"https:\/\/tc-kirchheim-schwaben.de\/index.php?rest_route=\/wp\/v2\/pages"}],"about":[{"href":"https:\/\/tc-kirchheim-schwaben.de\/index.php?rest_route=\/wp\/v2\/types\/page"}],"author":[{"embeddable":true,"href":"https:\/\/tc-kirchheim-schwaben.de\/index.php?rest_route=\/wp\/v2\/users\/1"}],"replies":[{"embeddable":true,"href":"https:\/\/tc-kirchheim-schwaben.de\/index.php?rest_route=%2Fwp%2Fv2%2Fcomments&post=1526040"}],"version-history":[{"count":17,"href":"https:\/\/tc-kirchheim-schwaben.de\/index.php?rest_route=\/wp\/v2\/pages\/1526040\/revisions"}],"predecessor-version":[{"id":1526377,"href":"https:\/\/tc-kirchheim-schwaben.de\/index.php?rest_route=\/wp\/v2\/pages\/1526040\/revisions\/1526377"}],"up":[{"embeddable":true,"href":"https:\/\/tc-kirchheim-schwaben.de\/index.php?rest_route=\/wp\/v2\/pages\/41"}],"wp:attachment":[{"href":"https:\/\/tc-kirchheim-schwaben.de\/index.php?rest_route=%2Fwp%2Fv2%2Fmedia&parent=1526040"}],"curies":[{"name":"wp","href":"https:\/\/api.w.org\/{rel}","templated":true}]}}